{"version":"1.0","provider_name":"Musola","provider_url":"https:\/\/www.musola.es\/de\/","author_name":"tttigres","author_url":"https:\/\/www.musola.es\/de\/author\/tttigres\/","title":"Musola pr\u00e4sentiert seine neuheiten in K\u00f6ln. | Musola Nachricht","type":"rich","width":600,"height":338,"html":"<blockquote class=\"wp-embedded-content\" data-secret=\"aGKcpuHj60\"><a href=\"https:\/\/www.musola.es\/de\/nachricht\/musola-prasentiert-seine-neuheiten-in-koln\/\">Musola pr\u00e4sentiert seine neuheiten in K\u00f6ln.<\/a><\/blockquote><iframe sandbox=\"allow-scripts\" security=\"restricted\" src=\"https:\/\/www.musola.es\/de\/nachricht\/musola-prasentiert-seine-neuheiten-in-koln\/embed\/#?secret=aGKcpuHj60\" width=\"600\" height=\"338\" title=\"&#8222;Musola pr\u00e4sentiert seine neuheiten in K\u00f6ln.&#8220; &#8211; Musola\" data-secret=\"aGKcpuHj60\" frameborder=\"0\" marginwidth=\"0\" marginheight=\"0\" scrolling=\"no\" class=\"wp-embedded-content\"><\/iframe><script type=\"text\/javascript\">\n\/* <![CDATA[ *\/\n\/*! This file is auto-generated *\/\n!function(d,l){\"use strict\";l.querySelector&&d.addEventListener&&\"undefined\"!=typeof URL&&(d.wp=d.wp||{},d.wp.receiveEmbedMessage||(d.wp.receiveEmbedMessage=function(e){var t=e.data;if((t||t.secret||t.message||t.value)&&!\/[^a-zA-Z0-9]\/.test(t.secret)){for(var s,r,n,a=l.querySelectorAll('iframe[data-secret=\"'+t.secret+'\"]'),o=l.querySelectorAll('blockquote[data-secret=\"'+t.secret+'\"]'),c=new RegExp(\"^https?:$\",\"i\"),i=0;i<o.length;i++)o[i].style.display=\"none\";for(i=0;i<a.length;i++)s=a[i],e.source===s.contentWindow&&(s.removeAttribute(\"style\"),\"height\"===t.message?(1e3<(r=parseInt(t.value,10))?r=1e3:~~r<200&&(r=200),s.height=r):\"link\"===t.message&&(r=new URL(s.getAttribute(\"src\")),n=new URL(t.value),c.test(n.protocol))&&n.host===r.host&&l.activeElement===s&&(d.top.location.href=t.value))}},d.addEventListener(\"message\",d.wp.receiveEmbedMessage,!1),l.addEventListener(\"DOMContentLoaded\",function(){for(var e,t,s=l.querySelectorAll(\"iframe.wp-embedded-content\"),r=0;r<s.length;r++)(t=(e=s[r]).getAttribute(\"data-secret\"))||(t=Math.random().toString(36).substring(2,12),e.src+=\"#?secret=\"+t,e.setAttribute(\"data-secret\",t)),e.contentWindow.postMessage({message:\"ready\",secret:t},\"*\")},!1)))}(window,document);\n\/\/# sourceURL=https:\/\/www.musola.es\/wp-includes\/js\/wp-embed.min.js\n\/* ]]> *\/\n<\/script>\n","thumbnail_url":"https:\/\/www.musola.es\/wp-content\/uploads\/2019\/12\/musola_imm-cologne_preferia_resp-1.jpg","thumbnail_width":1072,"thumbnail_height":836,"description":"Vom 13- 19 Januar, wird Musola auf der Imm Cologne vertreten sein. In diesen Anlass, wird unsere Fl\u00e4che noch gr\u00f6\u00dfer sein, so dass wir die zahlreichen Neuheiten pr\u00e4sentieren k\u00f6nnen, die wir 2019 entwickelt haben. Die Kollektion der Salinas Sofas von Santiago Sevillano, die stapelbare Liege von Javier Herrero und der neue Hocker der Nansa-Familie von [&hellip;]"}

Musola präsentiert seine neuheiten in Köln. | Musola Nachricht

<blockquote class="wp-embedded-content" data-secret="aGKcpuHj60"><a href="https://www.musola.es/de/nachricht/musola-prasentiert-seine-neuheiten-in-koln/">Musola präsentiert seine neuheiten in Köln.</a></blockquote><iframe sandbox="allow-scripts" security="restricted" src="https://www.musola.es/de/nachricht/musola-prasentiert-seine-neuheiten-in-koln/embed/#?secret=aGKcpuHj60" width="600" height="338" title="&#8222;Musola präsentiert seine neuheiten in Köln.&#8220; &#8211; Musola" data-secret="aGKcpuHj60" frameborder="0" marginwidth="0" marginheight="0" scrolling="no" class="wp-embedded-content"></iframe><script type="text/javascript">
/* <![CDATA[ */
/*! This file is auto-generated */
!function(d,l){"use strict";l.querySelector&&d.addEventListener&&"undefined"!=typeof URL&&(d.wp=d.wp||{},d.wp.receiveEmbedMessage||(d.wp.receiveEmbedMessage=function(e){var t=e.data;if((t||t.secret||t.message||t.value)&&!/[^a-zA-Z0-9]/.test(t.secret)){for(var s,r,n,a=l.querySelectorAll('iframe[data-secret="'+t.secret+'"]'),o=l.querySelectorAll('blockquote[data-secret="'+t.secret+'"]'),c=new RegExp("^https?:$","i"),i=0;i<o.length;i++)o[i].style.display="none";for(i=0;i<a.length;i++)s=a[i],e.source===s.contentWindow&&(s.removeAttribute("style"),"height"===t.message?(1e3<(r=parseInt(t.value,10))?r=1e3:~~r<200&&(r=200),s.height=r):"link"===t.message&&(r=new URL(s.getAttribute("src")),n=new URL(t.value),c.test(n.protocol))&&n.host===r.host&&l.activeElement===s&&(d.top.location.href=t.value))}},d.addEventListener("message",d.wp.receiveEmbedMessage,!1),l.addEventListener("DOMContentLoaded",function(){for(var e,t,s=l.querySelectorAll("iframe.wp-embedded-content"),r=0;r<s.length;r++)(t=(e=s[r]).getAttribute("data-secret"))||(t=Math.random().toString(36).substring(2,12),e.src+="#?secret="+t,e.setAttribute("data-secret",t)),e.contentWindow.postMessage({message:"ready",secret:t},"*")},!1)))}(window,document);
//# sourceURL=https://www.musola.es/wp-includes/js/wp-embed.min.js
/* ]]> */
</script>

Vom 13- 19 Januar, wird Musola auf der Imm Cologne vertreten sein. In diesen Anlass, wird unsere Fläche noch größer sein, so dass wir die zahlreichen Neuheiten präsentieren können, die wir 2019 entwickelt haben. Die Kollektion der Salinas Sofas von Santiago Sevillano, die stapelbare Liege von Javier Herrero und der neue Hocker der Nansa-Familie von [&hellip;]
